{"id":1355,"date":"2020-12-10T19:16:32","date_gmt":"2020-12-10T18:16:32","guid":{"rendered":"http:\/\/jamesjive.com\/?page_id=1355"},"modified":"2024-04-23T11:05:02","modified_gmt":"2024-04-23T09:05:02","slug":"james-als-musikwissenschaftler","status":"publish","type":"page","link":"https:\/\/jamesjive.com\/index.php\/james-als-musikwissenschaftler\/","title":{"rendered":"James als Musikwissenschaftler"},"content":{"rendered":"\t\t<div data-elementor-type=\"wp-page\" data-elementor-id=\"1355\" class=\"elementor elementor-1355\">\n\t\t\t\t\t\t<section class=\"elementor-section elementor-top-section elementor-element elementor-element-2f59dea0 elementor-section-full_width elementor-section-height-default elementor-section-height-default\" data-id=\"2f59dea0\" data-element_type=\"section\" data-e-type=\"section\">\n\t\t\t\t\t\t<div class=\"elementor-container elementor-column-gap-default\">\n\t\t\t\t\t<div class=\"elementor-column elementor-col-100 elementor-top-column elementor-element elementor-element-57fd80d7\" data-id=\"57fd80d7\" data-element_type=\"column\" data-e-type=\"column\">\n\t\t\t<div class=\"elementor-widget-wrap elementor-element-populated\">\n\t\t\t\t\t<div class=\"elementor-background-overlay\"><\/div>\n\t\t\t\t\t\t<div class=\"elementor-element elementor-element-19b4aeb2 elementor-invisible elementor-widget elementor-widget-heading\" data-id=\"19b4aeb2\" data-element_type=\"widget\" data-e-type=\"widget\" data-settings=\"{&quot;_animation&quot;:&quot;fadeInUp&quot;}\" data-widget_type=\"heading.default\">\n\t\t\t\t<div class=\"elementor-widget-container\">\n\t\t\t\t\t<h1 class=\"elementor-heading-title elementor-size-xl\">James als Musikologe<\/h1>\t\t\t\t<\/div>\n\t\t\t\t<\/div>\n\t\t\t\t<div class=\"elementor-element elementor-element-e193105 elementor-widget-divider--view-line elementor-widget elementor-widget-divider\" data-id=\"e193105\" data-element_type=\"widget\" data-e-type=\"widget\" data-widget_type=\"divider.default\">\n\t\t\t\t<div class=\"elementor-widget-container\">\n\t\t\t\t\t\t\t<div class=\"elementor-divider\">\n\t\t\t<span class=\"elementor-divider-separator\">\n\t\t\t\t\t\t<\/span>\n\t\t<\/div>\n\t\t\t\t\t\t<\/div>\n\t\t\t\t<\/div>\n\t\t\t\t\t<\/div>\n\t\t<\/div>\n\t\t\t\t\t<\/div>\n\t\t<\/section>\n\t\t\t\t<section class=\"elementor-section elementor-top-section elementor-element elementor-element-4ee306fc elementor-section-stretched elementor-section-full_width elementor-section-height-default elementor-section-height-default\" data-id=\"4ee306fc\" data-element_type=\"section\" data-e-type=\"section\" data-settings=\"{&quot;background_background&quot;:&quot;classic&quot;,&quot;stretch_section&quot;:&quot;section-stretched&quot;}\">\n\t\t\t\t\t\t\t<div class=\"elementor-background-overlay\"><\/div>\n\t\t\t\t\t\t\t<div class=\"elementor-container elementor-column-gap-default\">\n\t\t\t\t\t<div class=\"elementor-column elementor-col-25 elementor-top-column elementor-element elementor-element-2531e203\" data-id=\"2531e203\" data-element_type=\"column\" data-e-type=\"column\">\n\t\t\t<div class=\"elementor-widget-wrap\">\n\t\t\t\t\t\t\t<\/div>\n\t\t<\/div>\n\t\t\t\t<div class=\"elementor-column elementor-col-25 elementor-top-column elementor-element elementor-element-5f223eb8\" data-id=\"5f223eb8\" data-element_type=\"column\" data-e-type=\"column\" data-settings=\"{&quot;background_background&quot;:&quot;classic&quot;}\">\n\t\t\t<div class=\"elementor-widget-wrap elementor-element-populated\">\n\t\t\t\t\t\t<div class=\"elementor-element elementor-element-26d9685e elementor-invisible elementor-widget elementor-widget-image\" data-id=\"26d9685e\" data-element_type=\"widget\" data-e-type=\"widget\" data-settings=\"{&quot;_animation&quot;:&quot;fadeInLeft&quot;}\" data-widget_type=\"image.default\">\n\t\t\t\t<div class=\"elementor-widget-container\">\n\t\t\t\t\t\t\t\t\t\t\t\t\t\t\t<img fetchpriority=\"high\" decoding=\"async\" width=\"600\" height=\"600\" src=\"https:\/\/jamesjive.com\/wp-content\/uploads\/2023\/11\/Frederik-Doerfler-Trummer-Portrait.jpg\" class=\"attachment-full size-full wp-image-3262\" alt=\"\" srcset=\"https:\/\/jamesjive.com\/wp-content\/uploads\/2023\/11\/Frederik-Doerfler-Trummer-Portrait.jpg 600w, https:\/\/jamesjive.com\/wp-content\/uploads\/2023\/11\/Frederik-Doerfler-Trummer-Portrait-300x300.jpg 300w, https:\/\/jamesjive.com\/wp-content\/uploads\/2023\/11\/Frederik-Doerfler-Trummer-Portrait-150x150.jpg 150w\" sizes=\"(max-width: 600px) 100vw, 600px\" \/>\t\t\t\t\t\t\t\t\t\t\t\t\t\t\t<\/div>\n\t\t\t\t<\/div>\n\t\t\t\t\t<\/div>\n\t\t<\/div>\n\t\t\t\t<div class=\"elementor-column elementor-col-25 elementor-top-column elementor-element elementor-element-483dc28d\" data-id=\"483dc28d\" data-element_type=\"column\" data-e-type=\"column\" data-settings=\"{&quot;background_background&quot;:&quot;classic&quot;}\">\n\t\t\t<div class=\"elementor-widget-wrap elementor-element-populated\">\n\t\t\t\t\t\t<div class=\"elementor-element elementor-element-653b7e09 elementor-invisible elementor-widget elementor-widget-text-editor\" data-id=\"653b7e09\" data-element_type=\"widget\" data-e-type=\"widget\" data-settings=\"{&quot;_animation&quot;:&quot;fadeInRight&quot;}\" data-widget_type=\"text-editor.default\">\n\t\t\t\t<div class=\"elementor-widget-container\">\n\t\t\t\t\t\t\t\t\t<p><span style=\"font-size: 16px;\">Mit dem Beginn meines <b>Musikwissenschaftsstudiums<\/b> an der Universit\u00e4t Wien begann 2005 meine musikwissenschaftliche Karriere. Damals wusste ich noch nicht einmal, ob ich nach dem ersten Semester \u00fcberhaupt weitermachen oder mir ein anderes Studium suchen w\u00fcrde, geschweige denn, dass mich das Studium der Musikwissenschaft die n\u00e4chsten <b>14 Jahre<\/b> begleiten sollte.<\/span><\/p>\n<p>Meine Lieblingsfrage war immer: <b>&#8222;Und was macht man dann damit?&#8220;<\/b> Eine konkrete Antwort kann ich auch heute noch nicht geben, ich hab einen Doktor damit gemacht. \ud83d\ude09 &#8211; Und genau das, was mir Freude gemacht hat.<\/p>\n<p><b><span class=\"collapseomatic \" id=\"id69e8889cbd96d\"  tabindex=\"0\" title=\"Erz\u00e4hl mir mehr\"    >Erz\u00e4hl mir mehr<\/span><div id=\"target-id69e8889cbd96d\" class=\"collapseomatic_content \"> <\/b>F\u00fcr das <b>Doktorat<\/b> wechselte ich an die <b>Universit\u00e4t f\u00fcr Musik und darstellende Kunst Wien<\/b>, wo ich in den Jahren <b>2013-2019<\/b> &#8211; mit Hilfe eines \u00d6AW-Stipendiums &#8211; an meiner Dissertation <b>&#8222;HipHop-Musik aus \u00d6sterreich. Lokale Aspekte einer globalen kulturellen Ausdrucksform&#8220;<\/b> arbeitete.&nbsp;<span style=\"font-size: 16px;\">Ich wurde in dieser Zeit zwei mal in die USA eingeladen, um zu diesem Thema zu referieren und hielt weitere Vortr\u00e4ge in \u00d6sterreich und Deutschland.<\/span><\/p>\n<p><b>2020<\/b> trug mein Studium erste Fr\u00fcchte. Nicht nur dass mein <b>Artikel &#8222;Hybridit\u00e4t im HipHop. Eine Szene, zwei Nationen und ein &#8218;dritter&#8216; Raum&#8220;<\/b> ver\u00f6ffentlicht wurde. Des Weiteren konnte ich mein Wissen zu HipHop erstmals als <b>Lektor an der MDW im WS 20\/21<\/b> weitergeben.&nbsp;<\/p>\n<p><b>2021<\/b> wird nun auch noch meine Dissertation als <b>Buch beim Transcript-Verlag<\/b> publiziert und im Laufe des Jahres weitere Artikel in Fachzeitschriften erscheinen.<\/p>\n<p>Neben meiner akademischen T\u00e4tigkeit betrieb ich 2012 mit <b>&#8222;Es war einmal HipHop&#8220; eine Radiosendung<\/b> auf Radio Orange zur Geschichte von HipHop, bevor ich 2013 f\u00fcr \u00d61 das <b>Radiokolleg &#8222;Die Rapsaga: HipHop made in Austria&#8220;<\/b> produzierte. Die Radiosendung wurde unter gleichem Namen danach noch f\u00fcr ein Jahr als <b>Kolumne f\u00fcr das VOLUME-Magazine<\/b> fortgef\u00fchrt.<\/p>\n<p>In diesen Jahren war ich dar\u00fcber hinaus Mitarbeiter beim <b>SRA, dem Archiv f\u00fcr \u00f6sterreichische Popularmusik<\/b> in Wien. Schaut mal rein unter www.sra.at! <\/div><\/p>\t\t\t\t\t\t\t\t<\/div>\n\t\t\t\t<\/div>\n\t\t\t\t\t<\/div>\n\t\t<\/div>\n\t\t\t\t<div class=\"elementor-column elementor-col-25 elementor-top-column elementor-element elementor-element-64dcb2e9\" data-id=\"64dcb2e9\" data-element_type=\"column\" data-e-type=\"column\">\n\t\t\t<div class=\"elementor-widget-wrap\">\n\t\t\t\t\t\t\t<\/div>\n\t\t<\/div>\n\t\t\t\t\t<\/div>\n\t\t<\/section>\n\t\t\t\t<section class=\"elementor-section elementor-top-section elementor-element elementor-element-5b3efb7 elementor-section-boxed elementor-section-height-default elementor-section-height-default\" data-id=\"5b3efb7\" data-element_type=\"section\" data-e-type=\"section\" data-settings=\"{&quot;background_background&quot;:&quot;classic&quot;}\">\n\t\t\t\t\t\t\t<div class=\"elementor-background-overlay\"><\/div>\n\t\t\t\t\t\t\t<div class=\"elementor-container elementor-column-gap-default\">\n\t\t\t\t\t<div class=\"elementor-column elementor-col-50 elementor-top-column elementor-element elementor-element-d30b221\" data-id=\"d30b221\" data-element_type=\"column\" data-e-type=\"column\">\n\t\t\t<div class=\"elementor-widget-wrap elementor-element-populated\">\n\t\t\t\t\t\t<div class=\"elementor-element elementor-element-41cdb13 elementor-widget elementor-widget-heading\" data-id=\"41cdb13\" data-element_type=\"widget\" data-e-type=\"widget\" data-widget_type=\"heading.default\">\n\t\t\t\t<div class=\"elementor-widget-container\">\n\t\t\t\t\t<h2 class=\"elementor-heading-title elementor-size-default\">Buy now! Fast! Only available for the next minute!!!<\/h2>\t\t\t\t<\/div>\n\t\t\t\t<\/div>\n\t\t\t\t<div class=\"elementor-element elementor-element-ad9af0f elementor-widget elementor-widget-text-editor\" data-id=\"ad9af0f\" data-element_type=\"widget\" data-e-type=\"widget\" data-widget_type=\"text-editor.default\">\n\t\t\t\t<div class=\"elementor-widget-container\">\n\t\t\t\t\t\t\t\t\t<p><b>Artikel:<\/b><\/p>\n<p><a target=\"_blank\" rel=\"noopener\">&#8222;Hybridit\u00e4t im HipHop. Eine Szene, zwei Nationen und ein &#8218;dritter&#8216; Raum&#8220; (2020), erschienen in: Ralf von Appen und Thorsten Hindrichs (Hg.): One Nation Under a Groove &#8211; \u00bbNation\u00ab als Kategorie popul\u00e4rer Musik. Bielefeld: transcript.<\/a><img decoding=\"async\" style=\"font-size: 15px;\" src=\"\/\/ir-de.amazon-adsystem.com\/e\/ir?t=jamesjive-21&amp;l=am2&amp;o=3&amp;a=3837655814\" alt=\"\" width=\"1\" height=\"1\" border=\"0\"><\/p>\n<p><b>Publikation:<\/b><\/p>\n<p><a target=\"_blank\" rel=\"noopener\">HipHop aus \u00d6sterreich: Lokale Aspekte einer globalen Kultur (2021). Bielefeld: transcript.<\/a><img decoding=\"async\" style=\"font-size: 15px;\" src=\"https:\/\/www.amazon.de\/gp\/product\/3837655563?ie=UTF8&amp;tag=jamesjive-21&amp;camp=1638&amp;linkCode=xm2&amp;creativeASIN=3837655563\" alt=\"\" width=\"1\" height=\"1\" border=\"0\"><br>Erh\u00e4ltlich <a href=\"https:\/\/www.amazon.de\/gp\/product\/3837655563?ie=UTF8&amp;tag=jamesjive-21&amp;camp=1638&amp;linkCode=xm2&amp;creativeASIN=3837655563\" target=\"_blank\">hier<\/a> oder <a href=\"https:\/\/www.transcript-verlag.de\/978-3-8376-5556-8\/hiphop-aus-oesterreich\/?c=310000000\" target=\"_blank\">hier<\/a> oder bei mir pers\u00f6nlich!<br><\/p>\t\t\t\t\t\t\t\t<\/div>\n\t\t\t\t<\/div>\n\t\t\t\t\t<\/div>\n\t\t<\/div>\n\t\t\t\t<div class=\"elementor-column elementor-col-50 elementor-top-column elementor-element elementor-element-5336d5b\" data-id=\"5336d5b\" data-element_type=\"column\" data-e-type=\"column\">\n\t\t\t<div class=\"elementor-widget-wrap\">\n\t\t\t\t\t\t\t<\/div>\n\t\t<\/div>\n\t\t\t\t\t<\/div>\n\t\t<\/section>\n\t\t\t\t<section class=\"elementor-section elementor-top-section elementor-element elementor-element-1180dfd2 elementor-section-stretched elementor-section-boxed elementor-section-height-default elementor-section-height-default\" data-id=\"1180dfd2\" data-element_type=\"section\" data-e-type=\"section\" data-settings=\"{&quot;background_background&quot;:&quot;classic&quot;,&quot;stretch_section&quot;:&quot;section-stretched&quot;}\">\n\t\t\t\t\t\t\t<div class=\"elementor-background-overlay\"><\/div>\n\t\t\t\t\t\t\t<div class=\"elementor-container elementor-column-gap-default\">\n\t\t\t\t\t<div class=\"elementor-column elementor-col-50 elementor-top-column elementor-element elementor-element-2e518eb1\" data-id=\"2e518eb1\" data-element_type=\"column\" data-e-type=\"column\">\n\t\t\t<div class=\"elementor-widget-wrap elementor-element-populated\">\n\t\t\t\t\t\t<div class=\"elementor-element elementor-element-167f55fe elementor-widget elementor-widget-heading\" data-id=\"167f55fe\" data-element_type=\"widget\" data-e-type=\"widget\" data-widget_type=\"heading.default\">\n\t\t\t\t<div class=\"elementor-widget-container\">\n\t\t\t\t\t<h2 class=\"elementor-heading-title elementor-size-xl\">HipHop-Workshop buchen?<\/h2>\t\t\t\t<\/div>\n\t\t\t\t<\/div>\n\t\t\t\t<div class=\"elementor-element elementor-element-f1c9157 elementor-widget-divider--view-line elementor-widget elementor-widget-divider\" data-id=\"f1c9157\" data-element_type=\"widget\" data-e-type=\"widget\" data-widget_type=\"divider.default\">\n\t\t\t\t<div class=\"elementor-widget-container\">\n\t\t\t\t\t\t\t<div class=\"elementor-divider\">\n\t\t\t<span class=\"elementor-divider-separator\">\n\t\t\t\t\t\t<\/span>\n\t\t<\/div>\n\t\t\t\t\t\t<\/div>\n\t\t\t\t<\/div>\n\t\t\t\t<div class=\"elementor-element elementor-element-28ca75af elementor-widget elementor-widget-text-editor\" data-id=\"28ca75af\" data-element_type=\"widget\" data-e-type=\"widget\" data-widget_type=\"text-editor.default\">\n\t\t\t\t<div class=\"elementor-widget-container\">\n\t\t\t\t\t\t\t\t\t<p>Du bist Lehrer*in und m\u00f6chtest deinen Sch\u00fcler*innen die spannende Geschichte der HipHop-Kultur sowie Einblicke in die Produktion von HipHop-Musik und Rap-Recording geben? Dann kontaktiere mich f\u00fcr weitere Informationen!<\/p>\t\t\t\t\t\t\t\t<\/div>\n\t\t\t\t<\/div>\n\t\t\t\t<div class=\"elementor-element elementor-element-409ab0f7 elementor-align-center elementor-widget elementor-widget-button\" data-id=\"409ab0f7\" data-element_type=\"widget\" data-e-type=\"widget\" data-widget_type=\"button.default\">\n\t\t\t\t<div class=\"elementor-widget-container\">\n\t\t\t\t\t\t\t\t\t<div class=\"elementor-button-wrapper\">\n\t\t\t\t\t<a class=\"elementor-button elementor-button-link elementor-size-sm\" href=\"http:\/\/jamesjive.com\/index.php\/contact\/\">\n\t\t\t\t\t\t<span class=\"elementor-button-content-wrapper\">\n\t\t\t\t\t\t\t\t\t<span class=\"elementor-button-text\">Kontakt<\/span>\n\t\t\t\t\t<\/span>\n\t\t\t\t\t<\/a>\n\t\t\t\t<\/div>\n\t\t\t\t\t\t\t\t<\/div>\n\t\t\t\t<\/div>\n\t\t\t\t\t<\/div>\n\t\t<\/div>\n\t\t\t\t<div class=\"elementor-column elementor-col-50 elementor-top-column elementor-element elementor-element-daf19f3\" data-id=\"daf19f3\" data-element_type=\"column\" data-e-type=\"column\">\n\t\t\t<div class=\"elementor-widget-wrap\">\n\t\t\t\t\t\t\t<\/div>\n\t\t<\/div>\n\t\t\t\t\t<\/div>\n\t\t<\/section>\n\t\t\t\t<\/div>\n\t\t","protected":false},"excerpt":{"rendered":"<p>James als Musikologe Mit dem Beginn meines Musikwissenschaftsstudiums an der Universit\u00e4t Wien begann 2005 meine musikwissenschaftliche Karriere. Damals wusste ich noch nicht einmal, ob ich nach dem ersten Semester \u00fcberhaupt weitermachen oder mir ein anderes Studium suchen w\u00fcrde, geschweige denn, dass mich das Studium der Musikwissenschaft die n\u00e4chsten 14 Jahre begleiten sollte. Meine Lieblingsfrage war [&hellip;]<\/p>\n","protected":false},"author":1,"featured_media":0,"parent":0,"menu_order":0,"comment_status":"closed","ping_status":"closed","template":"elementor_header_footer","meta":{"footnotes":""},"class_list":["post-1355","page","type-page","status-publish","hentry","entry"],"yoast_head":"<!-- This site is optimized with the Yoast SEO Premium plugin v22.4 (Yoast SEO v27.4) - https:\/\/yoast.com\/product\/yoast-seo-premium-wordpress\/ -->\n<title>James als Musikwissenschaftler -<\/title>\n<meta name=\"robots\" content=\"index, follow, max-snippet:-1, max-image-preview:large, max-video-preview:-1\" \/>\n<link rel=\"canonical\" href=\"https:\/\/jamesjive.com\/index.php\/james-als-musikwissenschaftler\/\" \/>\n<meta property=\"og:locale\" content=\"de_DE\" \/>\n<meta property=\"og:type\" content=\"article\" \/>\n<meta property=\"og:title\" content=\"James als Musikwissenschaftler\" \/>\n<meta property=\"og:description\" content=\"James als Musikologe Mit dem Beginn meines Musikwissenschaftsstudiums an der Universit\u00e4t Wien begann 2005 meine musikwissenschaftliche Karriere. Damals wusste ich noch nicht einmal, ob ich nach dem ersten Semester \u00fcberhaupt weitermachen oder mir ein anderes Studium suchen w\u00fcrde, geschweige denn, dass mich das Studium der Musikwissenschaft die n\u00e4chsten 14 Jahre begleiten sollte. Meine Lieblingsfrage war [&hellip;]\" \/>\n<meta property=\"og:url\" content=\"https:\/\/jamesjive.com\/index.php\/james-als-musikwissenschaftler\/\" \/>\n<meta property=\"article:publisher\" content=\"https:\/\/www.facebook.com\/jamesjiveswing\" \/>\n<meta property=\"article:modified_time\" content=\"2024-04-23T09:05:02+00:00\" \/>\n<meta property=\"og:image\" content=\"https:\/\/jamesjive.com\/wp-content\/uploads\/2023\/11\/Frederik-Doerfler-Trummer-Portrait.jpg\" \/>\n<meta name=\"twitter:card\" content=\"summary_large_image\" \/>\n<meta name=\"twitter:label1\" content=\"Gesch\u00e4tzte Lesezeit\" \/>\n\t<meta name=\"twitter:data1\" content=\"3 Minuten\" \/>\n<script type=\"application\/ld+json\" class=\"yoast-schema-graph\">{\"@context\":\"https:\\\/\\\/schema.org\",\"@graph\":[{\"@type\":\"WebPage\",\"@id\":\"https:\\\/\\\/jamesjive.com\\\/index.php\\\/james-als-musikwissenschaftler\\\/\",\"url\":\"https:\\\/\\\/jamesjive.com\\\/index.php\\\/james-als-musikwissenschaftler\\\/\",\"name\":\"James als Musikwissenschaftler -\",\"isPartOf\":{\"@id\":\"https:\\\/\\\/jamesjive.com\\\/#website\"},\"primaryImageOfPage\":{\"@id\":\"https:\\\/\\\/jamesjive.com\\\/index.php\\\/james-als-musikwissenschaftler\\\/#primaryimage\"},\"image\":{\"@id\":\"https:\\\/\\\/jamesjive.com\\\/index.php\\\/james-als-musikwissenschaftler\\\/#primaryimage\"},\"thumbnailUrl\":\"https:\\\/\\\/jamesjive.com\\\/wp-content\\\/uploads\\\/2023\\\/11\\\/Frederik-Doerfler-Trummer-Portrait.jpg\",\"datePublished\":\"2020-12-10T18:16:32+00:00\",\"dateModified\":\"2024-04-23T09:05:02+00:00\",\"breadcrumb\":{\"@id\":\"https:\\\/\\\/jamesjive.com\\\/index.php\\\/james-als-musikwissenschaftler\\\/#breadcrumb\"},\"inLanguage\":\"de-AT\",\"potentialAction\":[{\"@type\":\"ReadAction\",\"target\":[\"https:\\\/\\\/jamesjive.com\\\/index.php\\\/james-als-musikwissenschaftler\\\/\"]}]},{\"@type\":\"ImageObject\",\"inLanguage\":\"de-AT\",\"@id\":\"https:\\\/\\\/jamesjive.com\\\/index.php\\\/james-als-musikwissenschaftler\\\/#primaryimage\",\"url\":\"https:\\\/\\\/jamesjive.com\\\/wp-content\\\/uploads\\\/2023\\\/11\\\/Frederik-Doerfler-Trummer-Portrait.jpg\",\"contentUrl\":\"https:\\\/\\\/jamesjive.com\\\/wp-content\\\/uploads\\\/2023\\\/11\\\/Frederik-Doerfler-Trummer-Portrait.jpg\",\"width\":600,\"height\":600},{\"@type\":\"BreadcrumbList\",\"@id\":\"https:\\\/\\\/jamesjive.com\\\/index.php\\\/james-als-musikwissenschaftler\\\/#breadcrumb\",\"itemListElement\":[{\"@type\":\"ListItem\",\"position\":1,\"name\":\"Home\",\"item\":\"https:\\\/\\\/jamesjive.com\\\/\"},{\"@type\":\"ListItem\",\"position\":2,\"name\":\"James als Musikwissenschaftler\"}]},{\"@type\":\"WebSite\",\"@id\":\"https:\\\/\\\/jamesjive.com\\\/#website\",\"url\":\"https:\\\/\\\/jamesjive.com\\\/\",\"name\":\"DJ James Jive - Erfahrener DJ f\u00fcr Hochzeiten in \u00d6sterreich\",\"description\":\"\",\"publisher\":{\"@id\":\"https:\\\/\\\/jamesjive.com\\\/#\\\/schema\\\/person\\\/be56446e069e726e916c55151d6c445d\"},\"potentialAction\":[{\"@type\":\"SearchAction\",\"target\":{\"@type\":\"EntryPoint\",\"urlTemplate\":\"https:\\\/\\\/jamesjive.com\\\/?s={search_term_string}\"},\"query-input\":{\"@type\":\"PropertyValueSpecification\",\"valueRequired\":true,\"valueName\":\"search_term_string\"}}],\"inLanguage\":\"de-AT\"},{\"@type\":[\"Person\",\"Organization\"],\"@id\":\"https:\\\/\\\/jamesjive.com\\\/#\\\/schema\\\/person\\\/be56446e069e726e916c55151d6c445d\",\"name\":\"frederik.doerfler\",\"image\":{\"@type\":\"ImageObject\",\"inLanguage\":\"de-AT\",\"@id\":\"https:\\\/\\\/jamesjive.com\\\/wp-content\\\/uploads\\\/2024\\\/04\\\/Icon-Hat.png\",\"url\":\"https:\\\/\\\/jamesjive.com\\\/wp-content\\\/uploads\\\/2024\\\/04\\\/Icon-Hat.png\",\"contentUrl\":\"https:\\\/\\\/jamesjive.com\\\/wp-content\\\/uploads\\\/2024\\\/04\\\/Icon-Hat.png\",\"width\":512,\"height\":512,\"caption\":\"frederik.doerfler\"},\"logo\":{\"@id\":\"https:\\\/\\\/jamesjive.com\\\/wp-content\\\/uploads\\\/2024\\\/04\\\/Icon-Hat.png\"},\"sameAs\":[\"https:\\\/\\\/jamesjive.com\",\"https:\\\/\\\/www.facebook.com\\\/jamesjiveswing\",\"https:\\\/\\\/www.instagram.com\\\/james_jive_wedding\\\/\"]}]}<\/script>\n<!-- \/ Yoast SEO Premium plugin. -->","yoast_head_json":{"title":"James als Musikwissenschaftler -","robots":{"index":"index","follow":"follow","max-snippet":"max-snippet:-1","max-image-preview":"max-image-preview:large","max-video-preview":"max-video-preview:-1"},"canonical":"https:\/\/jamesjive.com\/index.php\/james-als-musikwissenschaftler\/","og_locale":"de_DE","og_type":"article","og_title":"James als Musikwissenschaftler","og_description":"James als Musikologe Mit dem Beginn meines Musikwissenschaftsstudiums an der Universit\u00e4t Wien begann 2005 meine musikwissenschaftliche Karriere. Damals wusste ich noch nicht einmal, ob ich nach dem ersten Semester \u00fcberhaupt weitermachen oder mir ein anderes Studium suchen w\u00fcrde, geschweige denn, dass mich das Studium der Musikwissenschaft die n\u00e4chsten 14 Jahre begleiten sollte. Meine Lieblingsfrage war [&hellip;]","og_url":"https:\/\/jamesjive.com\/index.php\/james-als-musikwissenschaftler\/","article_publisher":"https:\/\/www.facebook.com\/jamesjiveswing","article_modified_time":"2024-04-23T09:05:02+00:00","og_image":[{"url":"https:\/\/jamesjive.com\/wp-content\/uploads\/2023\/11\/Frederik-Doerfler-Trummer-Portrait.jpg","type":"","width":"","height":""}],"twitter_card":"summary_large_image","twitter_misc":{"Gesch\u00e4tzte Lesezeit":"3 Minuten"},"schema":{"@context":"https:\/\/schema.org","@graph":[{"@type":"WebPage","@id":"https:\/\/jamesjive.com\/index.php\/james-als-musikwissenschaftler\/","url":"https:\/\/jamesjive.com\/index.php\/james-als-musikwissenschaftler\/","name":"James als Musikwissenschaftler -","isPartOf":{"@id":"https:\/\/jamesjive.com\/#website"},"primaryImageOfPage":{"@id":"https:\/\/jamesjive.com\/index.php\/james-als-musikwissenschaftler\/#primaryimage"},"image":{"@id":"https:\/\/jamesjive.com\/index.php\/james-als-musikwissenschaftler\/#primaryimage"},"thumbnailUrl":"https:\/\/jamesjive.com\/wp-content\/uploads\/2023\/11\/Frederik-Doerfler-Trummer-Portrait.jpg","datePublished":"2020-12-10T18:16:32+00:00","dateModified":"2024-04-23T09:05:02+00:00","breadcrumb":{"@id":"https:\/\/jamesjive.com\/index.php\/james-als-musikwissenschaftler\/#breadcrumb"},"inLanguage":"de-AT","potentialAction":[{"@type":"ReadAction","target":["https:\/\/jamesjive.com\/index.php\/james-als-musikwissenschaftler\/"]}]},{"@type":"ImageObject","inLanguage":"de-AT","@id":"https:\/\/jamesjive.com\/index.php\/james-als-musikwissenschaftler\/#primaryimage","url":"https:\/\/jamesjive.com\/wp-content\/uploads\/2023\/11\/Frederik-Doerfler-Trummer-Portrait.jpg","contentUrl":"https:\/\/jamesjive.com\/wp-content\/uploads\/2023\/11\/Frederik-Doerfler-Trummer-Portrait.jpg","width":600,"height":600},{"@type":"BreadcrumbList","@id":"https:\/\/jamesjive.com\/index.php\/james-als-musikwissenschaftler\/#breadcrumb","itemListElement":[{"@type":"ListItem","position":1,"name":"Home","item":"https:\/\/jamesjive.com\/"},{"@type":"ListItem","position":2,"name":"James als Musikwissenschaftler"}]},{"@type":"WebSite","@id":"https:\/\/jamesjive.com\/#website","url":"https:\/\/jamesjive.com\/","name":"DJ James Jive - Erfahrener DJ f\u00fcr Hochzeiten in \u00d6sterreich","description":"","publisher":{"@id":"https:\/\/jamesjive.com\/#\/schema\/person\/be56446e069e726e916c55151d6c445d"},"potentialAction":[{"@type":"SearchAction","target":{"@type":"EntryPoint","urlTemplate":"https:\/\/jamesjive.com\/?s={search_term_string}"},"query-input":{"@type":"PropertyValueSpecification","valueRequired":true,"valueName":"search_term_string"}}],"inLanguage":"de-AT"},{"@type":["Person","Organization"],"@id":"https:\/\/jamesjive.com\/#\/schema\/person\/be56446e069e726e916c55151d6c445d","name":"frederik.doerfler","image":{"@type":"ImageObject","inLanguage":"de-AT","@id":"https:\/\/jamesjive.com\/wp-content\/uploads\/2024\/04\/Icon-Hat.png","url":"https:\/\/jamesjive.com\/wp-content\/uploads\/2024\/04\/Icon-Hat.png","contentUrl":"https:\/\/jamesjive.com\/wp-content\/uploads\/2024\/04\/Icon-Hat.png","width":512,"height":512,"caption":"frederik.doerfler"},"logo":{"@id":"https:\/\/jamesjive.com\/wp-content\/uploads\/2024\/04\/Icon-Hat.png"},"sameAs":["https:\/\/jamesjive.com","https:\/\/www.facebook.com\/jamesjiveswing","https:\/\/www.instagram.com\/james_jive_wedding\/"]}]}},"_links":{"self":[{"href":"https:\/\/jamesjive.com\/index.php\/wp-json\/wp\/v2\/pages\/1355","targetHints":{"allow":["GET"]}}],"collection":[{"href":"https:\/\/jamesjive.com\/index.php\/wp-json\/wp\/v2\/pages"}],"about":[{"href":"https:\/\/jamesjive.com\/index.php\/wp-json\/wp\/v2\/types\/page"}],"author":[{"embeddable":true,"href":"https:\/\/jamesjive.com\/index.php\/wp-json\/wp\/v2\/users\/1"}],"replies":[{"embeddable":true,"href":"https:\/\/jamesjive.com\/index.php\/wp-json\/wp\/v2\/comments?post=1355"}],"version-history":[{"count":94,"href":"https:\/\/jamesjive.com\/index.php\/wp-json\/wp\/v2\/pages\/1355\/revisions"}],"predecessor-version":[{"id":3413,"href":"https:\/\/jamesjive.com\/index.php\/wp-json\/wp\/v2\/pages\/1355\/revisions\/3413"}],"wp:attachment":[{"href":"https:\/\/jamesjive.com\/index.php\/wp-json\/wp\/v2\/media?parent=1355"}],"curies":[{"name":"wp","href":"https:\/\/api.w.org\/{rel}","templated":true}]}}